
Calculate the greatest common factor of 96 and 3.
3
Calculate the highest common factor of 14574 and 84.
42
What is the highest common factor of 275 and 110?
55
Calculate the greatest common factor of 48 and 4528.
16
What is the greatest common factor of 833 and 98?
49
Calculate the greatest common factor of 22 and 143.
11
Calculate the greatest common divisor of 64 and 28.
4
Calculate the highest common factor of 215 and 15.
5
What is the greatest common factor of 110 and 25245?
55
What is the highest common factor of 52 and 1560?
52
What is the greatest common factor of 1270 and 10?
10
Calculate the greatest common divisor of 16 and 424.
8
Calculate the greatest common factor of 10035 and 45.
45
Calculate the greatest common divisor of 22 and 2.
2
Calculate the highest common divisor of 5115 and 155.
155
What is the greatest common factor of 87 and 31929?
87
Calculate the greatest common divisor of 150 and 255.
15
What is the greatest common divisor of 11635 and 65?
65
What is the greatest common factor of 315 and 42?
21
Calculate the greatest common factor of 1089 and 18.
9
What is the highest common divisor of 5 and 50?
5
What is the highest common divisor of 20 and 1060?
20
Calculate the greatest common divisor of 5 and 2400.
5
Calculate the highest common divisor of 102 and 357.
51
What is the highest common divisor of 48 and 240?
48
What is the greatest common divisor of 567 and 81?
81
Calculate the greatest common factor of 55 and 6215.
55
What is the greatest common divisor of 15 and 1875?
15
What is the highest common divisor of 38 and 817?
19
Calculate the greatest common factor of 255 and 15.
15
What is the greatest common divisor of 833 and 731?
17
What is the highest common divisor of 345 and 75?
15
Calculate the highest common divisor of 9 and 12.
3
What is the highest common divisor of 588 and 2?
2
Calculate the greatest common factor of 64 and 8.
8
Calculate the highest common divisor of 231 and 154.
77
What is the greatest common factor of 224 and 44?
4
What is the highest common factor of 29 and 3857?
29
Calculate the highest common factor of 56 and 1344.
56
Calculate the highest common factor of 32 and 800.
32
What is the highest common divisor of 72 and 9192?
24
What is the highest common factor of 1280 and 184?
8
Calculate the greatest common factor of 4 and 412.
4
Calculate the greatest common divisor of 504 and 140.
28
What is the greatest common factor of 210 and 3710?
70
Calculate the greatest common divisor of 4 and 694.
2
What is the highest common factor of 30 and 1587?
3
What is the highest common divisor of 150 and 120?
30
What is the highest common factor of 275 and 440?
55
What is the greatest common factor of 156 and 60?
12
Calculate the highest common divisor of 817 and 627.
19
What is the highest common factor of 42 and 1239?
21
Calculate the highest common divisor of 299 and 52.
13
Calculate the greatest common divisor of 27 and 108.
27
Calculate the greatest common factor of 609 and 42.
21
Calculate the highest common divisor of 2054 and 104.
26
Calculate the greatest common divisor of 714 and 56.
14
Calculate the greatest common factor of 32 and 8.
8
What is the highest common divisor of 1892 and 66?
22
Calculate the greatest common factor of 616 and 252.
28
Calculate the greatest common divisor of 30 and 118.
2
What is the greatest common factor of 795 and 15?
15
What is the greatest common divisor of 203 and 24563?
203
What is the highest common factor of 217 and 31?
31
Calculate the highest common divisor of 17 and 8891.
17
Calculate the highest common divisor of 357 and 3417.
51
Calculate the highest common factor of 1008 and 105.
21
What is the highest common factor of 3160 and 40?
40
Calculate the highest common factor of 14 and 74.
2
Calculate the highest common divisor of 16400 and 40.
40
Calculate the greatest common divisor of 3318 and 420.
42
What is the highest common factor of 40201 and 7?
7
Calculate the highest common divisor of 35971 and 13.
13
Calculate the greatest common factor of 182 and 56.
14
Calculate the greatest common divisor of 1550 and 248.
62
Calculate the greatest common divisor of 136 and 425.
17
What is the greatest common factor of 8119 and 46?
23
Calculate the highest common factor of 7090 and 40.
10
Calculate the highest common factor of 1062 and 144.
18
What is the greatest common divisor of 923 and 284?
71
What is the greatest common factor of 721 and 77?
7
What is the highest common divisor of 9 and 963?
9
What is the highest common factor of 1863 and 23?
23
What is the highest common factor of 14 and 56?
14
What is the highest common divisor of 13 and 351?
13
What is the highest common divisor of 32 and 1184?
32
Calculate the greatest common divisor of 24 and 216.
24
What is the highest common divisor of 1 and 1664?
1
Calculate the highest common divisor of 8 and 5.
1
Calculate the highest common divisor of 141 and 1504.
47
What is the highest common factor of 31866 and 452?
226
Calculate the greatest common divisor of 83 and 17347.
83
Calculate the greatest common factor of 52 and 156.
52
What is the highest common factor of 10 and 2470?
10
Calculate the highest common divisor of 17249 and 47.
47
Calculate the greatest common factor of 192 and 80.
16
What is the greatest common factor of 32 and 5952?
32
What is the greatest common divisor of 154 and 42?
14
What is the highest common divisor of 228 and 380?
76
What is the greatest common divisor of 3885 and 35?
35
Calculate the highest common factor of 575 and 30.
5
What is the highest common factor of 182 and 455?
91
What is the greatest common divisor of 480 and 15?
15
What is the greatest common factor of 5490 and 90?
90
Calculate the highest common divisor of 5589 and 92.
23
What is the highest common divisor of 203 and 1914?
29
Calculate the highest common divisor of 33 and 165.
33
What is the greatest common factor of 80 and 970?
10
Calculate the greatest common divisor of 112 and 56.
56
What is the highest common divisor of 33 and 3729?
33
Calculate the highest common factor of 28 and 18.
2
What is the greatest common divisor of 1323 and 18?
9
Calculate the highest common factor of 348 and 116.
116
What is the greatest common divisor of 6 and 82560?
6
What is the highest common divisor of 129 and 3?
3
What is the greatest common divisor of 15 and 25?
5
What is the greatest common factor of 18 and 531?
9
What is the highest common factor of 2500 and 200?
100
Calculate the highest common divisor of 198 and 154.
22
What is the greatest common divisor of 68 and 357?
17
Calculate the highest common factor of 16513 and 294.
49
Calculate the highest common divisor of 16 and 618.
2
Calculate the greatest common divisor of 153 and 17.
17
Calculate the highest common divisor of 140 and 315.
35
What is the greatest common divisor of 15 and 615?
15
Calculate the greatest common divisor of 4037 and 367.
367
Calculate the greatest common factor of 36337 and 203.
203
What is the highest common factor of 715 and 286?
143
What is the highest common divisor of 4 and 4?
4
Calculate the greatest common factor of 1045 and 38.
19
Calculate the highest common divisor of 60 and 705.
15
Calculate the greatest common factor of 169 and 767.
13
Calculate the greatest common divisor of 81 and 423.
9
Calculate the highest common divisor of 495 and 1265.
55
Calculate the highest common factor of 459 and 51.
51
Calculate the greatest common factor of 799 and 47.
47
What is the highest common divisor of 72 and 1098?
18
What is the highest common divisor of 12 and 192?
12
What is the greatest common divisor of 254 and 2?
2
Calculate the highest common factor of 12 and 2724.
12
Calculate the greatest common factor of 15 and 65.
5
What is the greatest common divisor of 140 and 1715?
35
Calculate the highest common factor of 4 and 3284.
4
Calculate the highest common divisor of 9 and 6651.
9
Calculate the highest common divisor of 80 and 10.
10
What is the greatest common divisor of 64 and 608?
32
Calculate the greatest common factor of 88 and 16.
8
Calculate the greatest common factor of 46 and 5083.
23
What is the highest common divisor of 19 and 82441?
19
Calculate the greatest common factor of 30 and 1010.
10
What is the highest common 